ctor of 3190030?
True
Is 2471872186 a multiple of 148?
False
Does 56 divide 288768312?
True
Is 3977198008 a multiple of 14?
True
Is 208 a factor of 79373424?
True
Does 12 divide 2761460?
False
Is 100866129 a multiple of 39?
True
Does 431 divide 135263780?
False
Does 719 divide 3576293058?
True
Is 526483350 a multiple of 1425?
True
Is 2 a factor of 6834297?
False
Does 12 divide 46623600?
True
Is 127520071 a multiple of 347?
True
Is 3091503490 a multiple of 194?
True
Is 84374162 a multiple of 34?
True
Is 26 a factor of 2572491922?
True
Is 420 a factor of 3723218?
False
Does 10 divide 18647520?
True
Is 245363469 a multiple of 8?
False
Is 3271314784 a multiple of 348?
False
Does 26 divide 71161326?
False
Does 4265 divide 1136605440?
True
Is 38 a factor of 43224777?
False
Does 477 divide 1654863255?
True
Is 431687447 a multiple of 25?
False
Is 36737282 a multiple of 39?
False
Does 664 divide 228039433?
False
Is 463757519 a multiple of 14?
False
Is 884052147 a multiple of 11?
True
Is 260 a factor of 130920660?
True
Is 897013656 a multiple of 121?
True
Does 5338 divide 1484569612?
False
Is 81087538 a multiple of 406?
True
Does 4022 divide 495326137?
False
Is 15 a factor of 133291725?
True
Is 293056662 a multiple of 37?
False
Is 193 a factor of 1220852959?
True
Does 6 divide 497263?
False
Is 143 a factor of 195928447?
True
Is 12941476 a multiple of 21?
False
Is 1534560 a multiple of 16?
True
Is 132 a factor of 63547580?
False
Is 1229 a factor of 4014385229?
False
Is 1565714348 a multiple of 1369?
True
Is 6 a factor of 40545317?
False
Is 292545280 a multiple of 4370?
True
Does 1275 divide 5153796075?
True
Is 154 a factor of 428895544?
True
Is 177203362 a multiple of 3703?
True
Does 920 divide 230926440?
True
Does 28 divide 119778260?
True
Does 2624 divide 42059580?
False
Does 3437 divide 496897401?
True
Is 17010285 a multiple of 5?
True
Is 311 a factor of 68620284?
True
Is 455567876 a multiple of 28?
False
Is 16 a factor of 211390336?
True
Is 671910566 a multiple of 19?
True
Does 372 divide 27064938?
False
Is 7 a factor of 309123796?
False
Is 14023542 a multiple of 78?
True
Is 290 a factor of 28649929?
False
Is 19401 a multiple of 87?
True
Does 119 divide 406188769?
True
Is 38550620 a multiple of 1493?
False
Is 559427124 a multiple of 1167?
True
Does 118 divide 53606996?
False
Is 551111898 a multiple of 298?
False
Is 6386 a factor of 389245858?
True
Is 1766 a factor of 144401258?
False
Is 11399807 a multiple of 484?
False
Does 53 divide 10690198?
False
Is 2279 a factor of 101518055?
True
Is 159821668 a multiple of 3?
False
Is 45148248 a multiple of 24?
True
Is 787156055 a multiple of 173?
True
Does 18 divide 487508499?
False
Does 5430 divide 1251441240?
True
Does 3761 divide 1104079160?
True
Is 31 a factor of 1550298747?
True
Is 18 a factor of 54547173?
False
Is 1025 a factor of 80191900?
True
Is 845 a factor of 171856100?
True
Is 7 a factor of 128547503?
True
Is 726 a factor of 11161524?
True
Is 6763 a factor of 745066184?
True
Does 2483 divide 546260?
True
Is 196538738 a multiple of 1474?
True
Does 2077 divide 2332805963?
False
Is 55 a factor of 40700935?
True
Does 14 divide 91575904?
True
Is 21609562 a multiple of 326?
True
Is 15251504 a multiple of 248?
True
Is 1233470570 a multiple of 15?
False
Is 375224769 a multiple of 493?
False
Is 2225181374 a multiple of 7?
False
Does 18 divide 53116794?
True
Is 628483067 even?
False
Does 107 divide 60528188?
True
Does 41 divide 8265279005?
False
Is 65442602 a multiple of 9242?
True
Is 376 a factor of 1032207?
False
Does 77 divide 250460903?
True
Does 1572 divide 10370484?
True
Is 79545422 a multiple of 526?
False
Is 2816187959 a multiple of 38?
False
Is 9932316 a multiple of 12?
True
Is 398 a factor of 27490351?
False
Does 490 divide 11413012?
False
Is 317243115 a multiple of 7?
True
Does 9 divide 135689742?
True
Is 1078 a factor of 34244119?
False
Is 163944964 a multiple of 321?
False
Does 225 divide 8536275?
True
Is 697561688 a multiple of 4741?
False
Does 20 divide 2108360?
True
Does 3057 divide 800499906?
True
Does 252 divide 739629173?
False
Is 4 a factor of 815421966?
False
Is 40976467 a multiple of 117?
False
Is 69 a factor of 154728912?
True
Is 130500104 even?
True
Is 86296014 a multiple of 14?
True
Is 969754470 a multiple of 88?
False
Does 75 divide 5066344275?
True
Is 181 a factor of 188138278?
True
Is 32 a factor of 8604992?
True
Is 232876883 a multiple of 380?
False
Is 563 a factor of 52075811?
True
Is 44 a factor of 149902114?
False
Is 535 a factor of 868211492?
False
Is 3 a factor of 4136142?
True
Is 7936500 a multiple of 78?
True
Is 464233 a multiple of 11?
True
Is 19 a factor of 4779564?
True
Does 70 divide 4627743?
False
Is 1956008 a multiple of 13?
False
Is 819 a factor of 1720058067?
True
Is 128 a factor of 100653440?
True
Does 27 divide 32992390?
False
Does 164 divide 32363501?
False
Does 893 divide 849161071?
False
Is 320700660 a multiple of 21?
True
Is 154078174 a multiple of 3?
False
Is 40614506 a multiple of 105?
False
Is 46 a factor of 55577086?
False
Is 853 a factor of 409350503?
False
Does 366 divide 64178100?
True
Is 815 a factor of 78238714?
False
Is 6 a factor of 52619511?
False
Is 19737708 a multiple of 1068?
True
Is 225546180 a multiple of 258?
True
Is 52866000 a multiple of 495?
True
Is 6988230 a multiple of 37?
False
Is 11104416 a multiple of 32?
True
Is 298 a factor of 92305879?
False
Is 13048038 a multiple of 6?
True
Is 228 a factor of 50749123?
False
Is 627 a factor of 174731106?
True
Is 4 a factor of 303520322?
False
Does 289 divide 168179897?
False
Is 56 a factor of 36921752?
True
Is 1096 a factor of 273481592?
True
Is 36321960 a multiple of 106?
True
Is 35 a factor of 73512565?
True
Is 529602901 a multiple of 599?
False
Is 8 a factor of 3751678?
False
Is 349715228 a multiple of 34?
True
Is 56148000 a multiple of 21?
False
Is 1558448856 a multiple of 9?
True
Is 4461 a factor of 40782462?
True
Is 10322979 a multiple of 813?
False
Is 69975010 a multiple of 35?
True
Is 5812590 a multiple of 15?
True
Is 26 a factor of 62804207?
False
Is 13755720 a multiple of 6?
True
Does 104 divide 13269059?
False
Does 47 divide 50560034?
False
Is 17934625 a multiple of 33?
False
Does 691 divide 781082906?
True
Is 285510678 a multiple of 4839?
True
Is 98 a factor of 3645720344?
True
Is 65684528 a multiple of 208?
True
Is 2626 a factor of 1647766140?
False
Does 11 divide 9069060?
True
Does 669 divide 39029636?
False
Is 237633079 a multiple of 3473?
True
Is 17 a factor of 98235758?
True
Does 353 divide 123215908?
False
Is 9 a factor of 5275378?
False
Is 130891355 a multiple of 6235?
True
Is 19354548 a multiple of 7?
False
Is 122815692 a multiple of 366?
True
Is 64 a factor of 217789696?
True
Is 810 a factor of 41407200?
True
Does 663 divide 70793966?
False
Is 10 a factor of 35123620?
True
Is 743646590 a multiple of 1325?
False
Is 1030 a factor of 223496930?
False
Is 79912980 a multiple of 1566?
True
Is 24234291 a multiple of 57?
True
Is 84 a factor of 1194435060?
True
Is 572161440 a multiple of 344?
True
Does 55 divide 62946070?
True
Is 475911442 a multiple of 15?
False
Is 37844644 a multiple of 2623?
True
Is 75039621 a multiple of 15?
False
Is 150925580 a multiple of 5174?
True
Is 87609606 a multiple of 21?
True
Does 25 divide 1481992100?
True
Does 3404 divide 724484221?
False
Is 1716479464 a multiple of 14?
True
Does 2474 divide 44049570?
True
Is 709901722 a multiple of 12?
False
Is 21 a factor of 11896017?
True
Is 1284261860 a multiple of 2870?
True
Does 125 divide 122326832?
False
Is 16795926 a multiple of 76?
False
Does 64 divide 148123735?
False
Is 68499260 a multiple of 23?
False
Is 2073994313 a multiple of 73?
True
Does 3 divide 17693434?
False
Is 176615834 a multiple of 7?
False
Does 958 divide 1931848194?
True
Is 23997791 a multiple of 29?
False
Is 77482464 a multiple of 544?
True
Does 13 divide 69089457?
False
Does 2224 divide 363795315?
False
Does 36 divide 3916512?
True
Does 108 divide 158166607?
False
Does 14 divide 4200917714?
True
Does 173 divide 34168602?
False
Does 77 divide 2269190?
True
Is 160981068 a multiple of 1409?
True
Does 17 divide 53920487?
False
Does 3776 divide 1876426560?
True
Is 136994780 a multiple of 260?
True
Does 2 divide 65006688?
True
Is 703 a facto